{"id":30,"date":"2022-04-11T13:41:05","date_gmt":"2022-04-11T11:41:05","guid":{"rendered":"http:\/\/localhost\/gfbcam.com\/?page_id=30"},"modified":"2024-05-30T15:13:26","modified_gmt":"2024-05-30T13:13:26","slug":"le-gfbc","status":"publish","type":"page","link":"https:\/\/gfbcam.com\/?page_id=30","title":{"rendered":"Le GFBC"},"content":{"rendered":"\t\t<div data-elementor-type=\"wp-page\" data-elementor-id=\"30\" class=\"elementor elementor-30\">\n\t\t\t\t\t\t<section class=\"elementor-section elementor-top-section elementor-element elementor-element-95cd272 elementor-section-boxed elementor-section-height-default elementor-section-height-default wpr-particle-no wpr-jarallax-no wpr-parallax-no wpr-sticky-section-no\" data-id=\"95cd272\" data-element_type=\"section\">\n\t\t\t\t\t\t<div class=\"elementor-container elementor-column-gap-default\">\n\t\t\t\t\t<div class=\"elementor-column elementor-col-100 elementor-top-column elementor-element elementor-element-71191ac\" data-id=\"71191ac\" data-element_type=\"column\">\n\t\t\t<div class=\"elementor-widget-wrap elementor-element-populated\">\n\t\t\t\t\t\t<div class=\"elementor-element elementor-element-90f1ca9 elementor-widget elementor-widget-heading\" data-id=\"90f1ca9\" data-element_type=\"widget\" data-widget_type=\"heading.default\">\n\t\t\t\t<div class=\"elementor-widget-container\">\n\t\t\t\t\t<h1 class=\"elementor-heading-title elementor-size-default\">Pr\u00e9sentation du Groupement de la Fili\u00e8re Bois au Cameroun (GFBC)<\/h1>\t\t\t\t<\/div>\n\t\t\t\t<\/div>\n\t\t\t\t\t<\/div>\n\t\t<\/div>\n\t\t\t\t\t<\/div>\n\t\t<\/section>\n\t\t\t\t<section class=\"elementor-section elementor-top-section elementor-element elementor-element-dcdd41c elementor-section-boxed elementor-section-height-default elementor-section-height-default wpr-particle-no wpr-jarallax-no wpr-parallax-no wpr-sticky-section-no\" data-id=\"dcdd41c\" data-element_type=\"section\">\n\t\t\t\t\t\t<div class=\"elementor-container elementor-column-gap-default\">\n\t\t\t\t\t<div class=\"elementor-column elementor-col-100 elementor-top-column elementor-element elementor-element-48a4700\" data-id=\"48a4700\" data-element_type=\"column\">\n\t\t\t<div class=\"elementor-widget-wrap elementor-element-populated\">\n\t\t\t\t\t\t<div class=\"elementor-element elementor-element-1dc5e97 elementor-widget elementor-widget-text-editor\" data-id=\"1dc5e97\" data-element_type=\"widget\" data-widget_type=\"text-editor.default\">\n\t\t\t\t<div class=\"elementor-widget-container\">\n\t\t\t\t\t\t\t\t\t<p>Le Groupement de la Fili\u00e8re Bois au Cameroun est une organisation patronale sectorielle, dont les membres\u00a0 repr\u00e9sentent environ\u00a0 75 % du volume d\u00b4affaires r\u00e9alis\u00e9es dans ce secteur au Cameroun.<\/p>\t\t\t\t\t\t\t\t<\/div>\n\t\t\t\t<\/div>\n\t\t\t\t\t<\/div>\n\t\t<\/div>\n\t\t\t\t\t<\/div>\n\t\t<\/section>\n\t\t\t\t<section class=\"elementor-section elementor-top-section elementor-element elementor-element-bef7469 elementor-section-boxed elementor-section-height-default elementor-section-height-default wpr-particle-no wpr-jarallax-no wpr-parallax-no wpr-sticky-section-no\" data-id=\"bef7469\" data-element_type=\"section\">\n\t\t\t\t\t\t<div class=\"elementor-container elementor-column-gap-default\">\n\t\t\t\t\t<div class=\"elementor-column elementor-col-100 elementor-top-column elementor-element elementor-element-a49e5c0\" data-id=\"a49e5c0\" data-element_type=\"column\">\n\t\t\t<div class=\"elementor-widget-wrap elementor-element-populated\">\n\t\t\t\t\t\t<div class=\"elementor-element elementor-element-dc7a68f elementor-widget elementor-widget-heading\" data-id=\"dc7a68f\" data-element_type=\"widget\" data-widget_type=\"heading.default\">\n\t\t\t\t<div class=\"elementor-widget-container\">\n\t\t\t\t\t<h2 class=\"elementor-heading-title elementor-size-default\">Missions du GFBC :<\/h2>\t\t\t\t<\/div>\n\t\t\t\t<\/div>\n\t\t\t\t<div class=\"elementor-element elementor-element-3f00a8a elementor-widget elementor-widget-text-editor\" data-id=\"3f00a8a\" data-element_type=\"widget\" data-widget_type=\"text-editor.default\">\n\t\t\t\t<div class=\"elementor-widget-container\">\n\t\t\t\t\t\t\t\t\t<p>Les principales missions du GFBC s\u2019articulent autour des points suivants :<\/p><ul><li style=\"margin-left: 50px;\">Repr\u00e9senter ses membres devant toute administration ou juridiction en vue d\u2019exercer en d\u00e9fense les droits inh\u00e9rents \u00e0 l\u2019int\u00e9r\u00eat collectif de la profession ou de ses membres ;<\/li><li style=\"margin-left: 50px;\">Mettre en place ou dispenser l\u2019information par l\u2019\u00e9dition de bulletins et publications int\u00e9ressant la profession, tant au plan des lois et r\u00e8glements r\u00e9gissant les activit\u00e9s, qu\u2019a celui de l\u2019organisation et la mise en \u0153uvre du secteur ;<\/li><li style=\"margin-left: 50px;\">Etablir et faire respecter un code de d\u00e9ontologie de la profession ;<\/li><li style=\"margin-left: 50px;\">Proc\u00e9der ou faire proc\u00e9der \u00e0 des \u00e9tudes sur les probl\u00e8mes \u00e9conomiques et sociaux int\u00e9ressant la profession ;<\/li><li style=\"margin-left: 50px;\">Contribuer \u00e0 la promotion des produits commercialis\u00e9s par ses membres, \u00e0 travers des expositions, des foires, annonces\u00a0 et publications ;<\/li><li style=\"margin-left: 50px;\">D\u2019une mani\u00e8re g\u00e9n\u00e9rale, repr\u00e9senter les entreprises de la fili\u00e8re bois partout o\u00f9 cela sera utile.<\/li><\/ul>\t\t\t\t\t\t\t\t<\/div>\n\t\t\t\t<\/div>\n\t\t\t\t\t<\/div>\n\t\t<\/div>\n\t\t\t\t\t<\/div>\n\t\t<\/section>\n\t\t\t\t<section class=\"elementor-section elementor-top-section elementor-element elementor-element-e9e8517 elementor-section-boxed elementor-section-height-default elementor-section-height-default wpr-particle-no wpr-jarallax-no wpr-parallax-no wpr-sticky-section-no\" data-id=\"e9e8517\" data-element_type=\"section\">\n\t\t\t\t\t\t<div class=\"elementor-container elementor-column-gap-default\">\n\t\t\t\t\t<div class=\"elementor-column elementor-col-100 elementor-top-column elementor-element elementor-element-089769d\" data-id=\"089769d\" data-element_type=\"column\">\n\t\t\t<div class=\"elementor-widget-wrap elementor-element-populated\">\n\t\t\t\t\t\t<div class=\"elementor-element elementor-element-8fd4c0d elementor-widget elementor-widget-heading\" data-id=\"8fd4c0d\" data-element_type=\"widget\" data-widget_type=\"heading.default\">\n\t\t\t\t<div class=\"elementor-widget-container\">\n\t\t\t\t\t<h2 class=\"elementor-heading-title elementor-size-default\">Fonctionnement du GFBC :<\/h2>\t\t\t\t<\/div>\n\t\t\t\t<\/div>\n\t\t\t\t<div class=\"elementor-element elementor-element-7926a29 elementor-widget elementor-widget-text-editor\" data-id=\"7926a29\" data-element_type=\"widget\" data-widget_type=\"text-editor.default\">\n\t\t\t\t<div class=\"elementor-widget-container\">\n\t\t\t\t\t\t\t\t\t<p>Afin de mener \u00e0 bien ces missions essentielles, le GFBC dispose des structures suivantes :<\/p><ul><li>Une Assembl\u00e9e G\u00e9n\u00e9rale Ordinaire annuelle qui regroupe tous les adh\u00e9rents et statue sur les probl\u00e8mes relevant de sa comp\u00e9tence ;<\/li><li>Un Bureau Ex\u00e9cutif qui administre le Groupement et d\u00e9finit les grandes orientations ;<\/li><li>Le Pr\u00e9sident du Bureau Ex\u00e9cutif repr\u00e9sente le GFBC partout o\u00f9 cela est n\u00e9cessaire et prend toutes les d\u00e9cisions destin\u00e9es \u00e0 satisfaire les objectifs statutaires. Il est assist\u00e9 d\u2019un vice-pr\u00e9sident.<\/li><li>Les commissions sp\u00e9cialis\u00e9es sont charg\u00e9es d\u2019\u00e9tudier et d\u2019\u00e9mettre des avis sur les probl\u00e8mes sp\u00e9cifiques relevant de leur comp\u00e9tence. Il s\u2019agit des commissions suivantes\u00a0:<ul><li>Commission de la fiscalit\u00e9 ;<\/li><li>Commission Am\u00e9nagement et Certification ;<\/li><li>Commission Transit et Logistique ;<\/li><li>Commission Ressources Humaine.<\/li><\/ul><\/li><li>La D\u00e9l\u00e9gation G\u00e9n\u00e9rale assure sous la responsabilit\u00e9 du Pr\u00e9sident et du Vice-pr\u00e9sident, le la permanence de l\u2019organisation, la gestion administrative, et l\u2019ex\u00e9cution de toutes les actions concourant \u00e0 la satisfaction des objectifs du Groupement.<\/li><\/ul>\t\t\t\t\t\t\t\t<\/div>\n\t\t\t\t<\/div>\n\t\t\t\t\t<\/div>\n\t\t<\/div>\n\t\t\t\t\t<\/div>\n\t\t<\/section>\n\t\t\t\t<section class=\"elementor-section elementor-top-section elementor-element elementor-element-392483e elementor-section-boxed elementor-section-height-default elementor-section-height-default wpr-particle-no wpr-jarallax-no wpr-parallax-no wpr-sticky-section-no\" data-id=\"392483e\" data-element_type=\"section\">\n\t\t\t\t\t\t<div class=\"elementor-container elementor-column-gap-default\">\n\t\t\t\t\t<div class=\"elementor-column elementor-col-100 elementor-top-column elementor-element elementor-element-86c6188\" data-id=\"86c6188\" data-element_type=\"column\">\n\t\t\t<div class=\"elementor-widget-wrap elementor-element-populated\">\n\t\t\t\t\t\t<div class=\"elementor-element elementor-element-beeba80 elementor-widget elementor-widget-heading\" data-id=\"beeba80\" data-element_type=\"widget\" data-widget_type=\"heading.default\">\n\t\t\t\t<div class=\"elementor-widget-container\">\n\t\t\t\t\t<h2 class=\"elementor-heading-title elementor-size-default\">Actions du GFBC :<\/h2>\t\t\t\t<\/div>\n\t\t\t\t<\/div>\n\t\t\t\t<div class=\"elementor-element elementor-element-9475935 elementor-widget elementor-widget-text-editor\" data-id=\"9475935\" data-element_type=\"widget\" data-widget_type=\"text-editor.default\">\n\t\t\t\t<div class=\"elementor-widget-container\">\n\t\t\t\t\t\t\t\t\t<p>Son intervention vise \u00e9galement \u00e0 promouvoir une exploitation foresti\u00e8re compatible avec l\u2019am\u00e9nagement de la for\u00eat, la gestion durable de la ressource, l\u2019industrialisation durable de la fili\u00e8re bois et le d\u00e9veloppement rural.<br \/>Enfin, nos adh\u00e9rents participent de mani\u00e8re importante \u00e0 la dynamique des secteurs d\u2019activit\u00e9s connexes.<\/p>\t\t\t\t\t\t\t\t<\/div>\n\t\t\t\t<\/div>\n\t\t\t\t\t<\/div>\n\t\t<\/div>\n\t\t\t\t\t<\/div>\n\t\t<\/section>\n\t\t\t\t<\/div>\n\t\t","protected":false},"excerpt":{"rendered":"<p>Pr\u00e9sentation du Groupement de la Fili\u00e8re Bois au Cameroun (GFBC) Le Groupement de la Fili\u00e8re Bois au Cameroun est une organisation patronale sectorielle, dont les membres\u00a0 repr\u00e9sentent environ\u00a0 75 % du volume d\u00b4affaires r\u00e9alis\u00e9es dans ce secteur au Cameroun. Missions du GFBC : Les principales missions du GFBC s\u2019articulent autour des points suivants : Repr\u00e9senter ses membres devant toute administration ou juridiction en vue d\u2019exercer en d\u00e9fense les droits inh\u00e9rents \u00e0 l\u2019int\u00e9r\u00eat collectif de la profession ou de ses membres ; Mettre en place ou dispenser l\u2019information par l\u2019\u00e9dition de bulletins et publications int\u00e9ressant la profession, tant au plan des lois et r\u00e8glements r\u00e9gissant les activit\u00e9s, qu\u2019a celui de l\u2019organisation et la mise en \u0153uvre du secteur ; Etablir et faire respecter un code de d\u00e9ontologie de la profession ; Proc\u00e9der ou faire proc\u00e9der \u00e0 des \u00e9tudes sur les probl\u00e8mes \u00e9conomiques et sociaux int\u00e9ressant la profession ; Contribuer \u00e0 la promotion des produits commercialis\u00e9s par ses membres, \u00e0 travers des expositions, des foires, annonces\u00a0 et publications ; D\u2019une mani\u00e8re g\u00e9n\u00e9rale, repr\u00e9senter les entreprises de la fili\u00e8re bois partout o\u00f9 cela sera utile. Fonctionnement du GFBC : Afin de mener \u00e0 bien ces missions essentielles, le GFBC dispose des structures suivantes : Une Assembl\u00e9e G\u00e9n\u00e9rale Ordinaire annuelle qui regroupe tous les adh\u00e9rents et statue sur les probl\u00e8mes relevant de sa comp\u00e9tence ; Un Bureau Ex\u00e9cutif qui administre le Groupement et d\u00e9finit les grandes orientations ; Le Pr\u00e9sident du Bureau Ex\u00e9cutif repr\u00e9sente le GFBC partout o\u00f9 cela est n\u00e9cessaire et prend toutes les d\u00e9cisions destin\u00e9es \u00e0 satisfaire les objectifs statutaires. Il est assist\u00e9 d\u2019un vice-pr\u00e9sident. Les commissions sp\u00e9cialis\u00e9es sont charg\u00e9es d\u2019\u00e9tudier et d\u2019\u00e9mettre des avis sur les probl\u00e8mes sp\u00e9cifiques relevant de leur comp\u00e9tence. Il s\u2019agit des commissions suivantes\u00a0: Commission de la fiscalit\u00e9 ; Commission Am\u00e9nagement et Certification ; Commission Transit et Logistique ; Commission Ressources Humaine. La D\u00e9l\u00e9gation G\u00e9n\u00e9rale assure sous la responsabilit\u00e9 du Pr\u00e9sident et du Vice-pr\u00e9sident, le la permanence de l\u2019organisation, la gestion administrative, et l\u2019ex\u00e9cution de toutes les actions concourant \u00e0 la satisfaction des objectifs du Groupement. Actions du GFBC : Son intervention vise \u00e9galement \u00e0 promouvoir une exploitation foresti\u00e8re compatible avec l\u2019am\u00e9nagement de la for\u00eat, la gestion durable de la ressource, l\u2019industrialisation durable de la fili\u00e8re bois et le d\u00e9veloppement rural. Enfin, nos adh\u00e9rents participent de mani\u00e8re importante \u00e0 la dynamique des secteurs d\u2019activit\u00e9s connexes.<\/p>\n","protected":false},"author":1,"featured_media":0,"parent":0,"menu_order":0,"comment_status":"closed","ping_status":"closed","template":"elementor_theme","meta":{"_acf_changed":false,"footnotes":""},"class_list":["post-30","page","type-page","status-publish","hentry"],"acf":[],"yoast_head":"<!-- This site is optimized with the Yoast SEO plugin v24.4 - https:\/\/yoast.com\/wordpress\/plugins\/seo\/ -->\n<title>Le GFBC - Groupement de la Fili\u00e8re Bois au Cameroun | GFBC<\/title>\n<meta name=\"robots\" content=\"index, follow, max-snippet:-1, max-image-preview:large, max-video-preview:-1\" \/>\n<link rel=\"canonical\" href=\"https:\/\/gfbcam.com\/?page_id=30\" \/>\n<meta property=\"og:locale\" content=\"fr_FR\" \/>\n<meta property=\"og:type\" content=\"article\" \/>\n<meta property=\"og:title\" content=\"Le GFBC - Groupement de la Fili\u00e8re Bois au Cameroun | GFBC\" \/>\n<meta property=\"og:description\" content=\"Pr\u00e9sentation du Groupement de la Fili\u00e8re Bois au Cameroun (GFBC) Le Groupement de la Fili\u00e8re Bois au Cameroun est une organisation patronale sectorielle, dont les membres\u00a0 repr\u00e9sentent environ\u00a0 75 % du volume d\u00b4affaires r\u00e9alis\u00e9es dans ce secteur au Cameroun. Missions du GFBC : Les principales missions du GFBC s\u2019articulent autour des points suivants : Repr\u00e9senter ses membres devant toute administration ou juridiction en vue d\u2019exercer en d\u00e9fense les droits inh\u00e9rents \u00e0 l\u2019int\u00e9r\u00eat collectif de la profession ou de ses membres ; Mettre en place ou dispenser l\u2019information par l\u2019\u00e9dition de bulletins et publications int\u00e9ressant la profession, tant au plan des lois et r\u00e8glements r\u00e9gissant les activit\u00e9s, qu\u2019a celui de l\u2019organisation et la mise en \u0153uvre du secteur ; Etablir et faire respecter un code de d\u00e9ontologie de la profession ; Proc\u00e9der ou faire proc\u00e9der \u00e0 des \u00e9tudes sur les probl\u00e8mes \u00e9conomiques et sociaux int\u00e9ressant la profession ; Contribuer \u00e0 la promotion des produits commercialis\u00e9s par ses membres, \u00e0 travers des expositions, des foires, annonces\u00a0 et publications ; D\u2019une mani\u00e8re g\u00e9n\u00e9rale, repr\u00e9senter les entreprises de la fili\u00e8re bois partout o\u00f9 cela sera utile. Fonctionnement du GFBC : Afin de mener \u00e0 bien ces missions essentielles, le GFBC dispose des structures suivantes : Une Assembl\u00e9e G\u00e9n\u00e9rale Ordinaire annuelle qui regroupe tous les adh\u00e9rents et statue sur les probl\u00e8mes relevant de sa comp\u00e9tence ; Un Bureau Ex\u00e9cutif qui administre le Groupement et d\u00e9finit les grandes orientations ; Le Pr\u00e9sident du Bureau Ex\u00e9cutif repr\u00e9sente le GFBC partout o\u00f9 cela est n\u00e9cessaire et prend toutes les d\u00e9cisions destin\u00e9es \u00e0 satisfaire les objectifs statutaires. Il est assist\u00e9 d\u2019un vice-pr\u00e9sident. Les commissions sp\u00e9cialis\u00e9es sont charg\u00e9es d\u2019\u00e9tudier et d\u2019\u00e9mettre des avis sur les probl\u00e8mes sp\u00e9cifiques relevant de leur comp\u00e9tence. Il s\u2019agit des commissions suivantes\u00a0: Commission de la fiscalit\u00e9 ; Commission Am\u00e9nagement et Certification ; Commission Transit et Logistique ; Commission Ressources Humaine. La D\u00e9l\u00e9gation G\u00e9n\u00e9rale assure sous la responsabilit\u00e9 du Pr\u00e9sident et du Vice-pr\u00e9sident, le la permanence de l\u2019organisation, la gestion administrative, et l\u2019ex\u00e9cution de toutes les actions concourant \u00e0 la satisfaction des objectifs du Groupement. Actions du GFBC : Son intervention vise \u00e9galement \u00e0 promouvoir une exploitation foresti\u00e8re compatible avec l\u2019am\u00e9nagement de la for\u00eat, la gestion durable de la ressource, l\u2019industrialisation durable de la fili\u00e8re bois et le d\u00e9veloppement rural. Enfin, nos adh\u00e9rents participent de mani\u00e8re importante \u00e0 la dynamique des secteurs d\u2019activit\u00e9s connexes.\" \/>\n<meta property=\"og:url\" content=\"https:\/\/gfbcam.com\/?page_id=30\" \/>\n<meta property=\"og:site_name\" content=\"Groupement de la Fili\u00e8re Bois au Cameroun | GFBC\" \/>\n<meta property=\"article:modified_time\" content=\"2024-05-30T13:13:26+00:00\" \/>\n<meta name=\"twitter:card\" content=\"summary_large_image\" \/>\n<meta name=\"twitter:label1\" content=\"Dur\u00e9e de lecture estim\u00e9e\" \/>\n\t<meta name=\"twitter:data1\" content=\"2 minutes\" \/>\n<script type=\"application\/ld+json\" class=\"yoast-schema-graph\">{\"@context\":\"https:\/\/schema.org\",\"@graph\":[{\"@type\":\"WebPage\",\"@id\":\"https:\/\/gfbcam.com\/?page_id=30\",\"url\":\"https:\/\/gfbcam.com\/?page_id=30\",\"name\":\"Le GFBC - Groupement de la Fili\u00e8re Bois au Cameroun | GFBC\",\"isPartOf\":{\"@id\":\"https:\/\/gfbcam.com\/#website\"},\"datePublished\":\"2022-04-11T11:41:05+00:00\",\"dateModified\":\"2024-05-30T13:13:26+00:00\",\"breadcrumb\":{\"@id\":\"https:\/\/gfbcam.com\/?page_id=30#breadcrumb\"},\"inLanguage\":\"fr-FR\",\"potentialAction\":[{\"@type\":\"ReadAction\",\"target\":[\"https:\/\/gfbcam.com\/?page_id=30\"]}]},{\"@type\":\"BreadcrumbList\",\"@id\":\"https:\/\/gfbcam.com\/?page_id=30#breadcrumb\",\"itemListElement\":[{\"@type\":\"ListItem\",\"position\":1,\"name\":\"Accueil\",\"item\":\"https:\/\/gfbcam.com\/\"},{\"@type\":\"ListItem\",\"position\":2,\"name\":\"Le GFBC\"}]},{\"@type\":\"WebSite\",\"@id\":\"https:\/\/gfbcam.com\/#website\",\"url\":\"https:\/\/gfbcam.com\/\",\"name\":\"Groupement de la Fili\u00e8re Bois au Cameroun | GFBC\",\"description\":\"Organisation patronale sectorielle des exploitants forestiers du Cameroun\",\"publisher\":{\"@id\":\"https:\/\/gfbcam.com\/#organization\"},\"potentialAction\":[{\"@type\":\"SearchAction\",\"target\":{\"@type\":\"EntryPoint\",\"urlTemplate\":\"https:\/\/gfbcam.com\/?s={search_term_string}\"},\"query-input\":{\"@type\":\"PropertyValueSpecification\",\"valueRequired\":true,\"valueName\":\"search_term_string\"}}],\"inLanguage\":\"fr-FR\"},{\"@type\":\"Organization\",\"@id\":\"https:\/\/gfbcam.com\/#organization\",\"name\":\"Groupement de la Fili\u00e8re Bois au Cameroun | GFBC\",\"url\":\"https:\/\/gfbcam.com\/\",\"logo\":{\"@type\":\"ImageObject\",\"inLanguage\":\"fr-FR\",\"@id\":\"https:\/\/gfbcam.com\/#\/schema\/logo\/image\/\",\"url\":\"https:\/\/gfbcam.com\/wp-content\/uploads\/2024\/05\/cropped-logo_GFBC.png\",\"contentUrl\":\"https:\/\/gfbcam.com\/wp-content\/uploads\/2024\/05\/cropped-logo_GFBC.png\",\"width\":200,\"height\":104,\"caption\":\"Groupement de la Fili\u00e8re Bois au Cameroun | GFBC\"},\"image\":{\"@id\":\"https:\/\/gfbcam.com\/#\/schema\/logo\/image\/\"}}]}<\/script>\n<!-- \/ Yoast SEO plugin. -->","yoast_head_json":{"title":"Le GFBC - Groupement de la Fili\u00e8re Bois au Cameroun | GFBC","robots":{"index":"index","follow":"follow","max-snippet":"max-snippet:-1","max-image-preview":"max-image-preview:large","max-video-preview":"max-video-preview:-1"},"canonical":"https:\/\/gfbcam.com\/?page_id=30","og_locale":"fr_FR","og_type":"article","og_title":"Le GFBC - Groupement de la Fili\u00e8re Bois au Cameroun | GFBC","og_description":"Pr\u00e9sentation du Groupement de la Fili\u00e8re Bois au Cameroun (GFBC) Le Groupement de la Fili\u00e8re Bois au Cameroun est une organisation patronale sectorielle, dont les membres\u00a0 repr\u00e9sentent environ\u00a0 75 % du volume d\u00b4affaires r\u00e9alis\u00e9es dans ce secteur au Cameroun. Missions du GFBC : Les principales missions du GFBC s\u2019articulent autour des points suivants : Repr\u00e9senter ses membres devant toute administration ou juridiction en vue d\u2019exercer en d\u00e9fense les droits inh\u00e9rents \u00e0 l\u2019int\u00e9r\u00eat collectif de la profession ou de ses membres ; Mettre en place ou dispenser l\u2019information par l\u2019\u00e9dition de bulletins et publications int\u00e9ressant la profession, tant au plan des lois et r\u00e8glements r\u00e9gissant les activit\u00e9s, qu\u2019a celui de l\u2019organisation et la mise en \u0153uvre du secteur ; Etablir et faire respecter un code de d\u00e9ontologie de la profession ; Proc\u00e9der ou faire proc\u00e9der \u00e0 des \u00e9tudes sur les probl\u00e8mes \u00e9conomiques et sociaux int\u00e9ressant la profession ; Contribuer \u00e0 la promotion des produits commercialis\u00e9s par ses membres, \u00e0 travers des expositions, des foires, annonces\u00a0 et publications ; D\u2019une mani\u00e8re g\u00e9n\u00e9rale, repr\u00e9senter les entreprises de la fili\u00e8re bois partout o\u00f9 cela sera utile. Fonctionnement du GFBC : Afin de mener \u00e0 bien ces missions essentielles, le GFBC dispose des structures suivantes : Une Assembl\u00e9e G\u00e9n\u00e9rale Ordinaire annuelle qui regroupe tous les adh\u00e9rents et statue sur les probl\u00e8mes relevant de sa comp\u00e9tence ; Un Bureau Ex\u00e9cutif qui administre le Groupement et d\u00e9finit les grandes orientations ; Le Pr\u00e9sident du Bureau Ex\u00e9cutif repr\u00e9sente le GFBC partout o\u00f9 cela est n\u00e9cessaire et prend toutes les d\u00e9cisions destin\u00e9es \u00e0 satisfaire les objectifs statutaires. Il est assist\u00e9 d\u2019un vice-pr\u00e9sident. Les commissions sp\u00e9cialis\u00e9es sont charg\u00e9es d\u2019\u00e9tudier et d\u2019\u00e9mettre des avis sur les probl\u00e8mes sp\u00e9cifiques relevant de leur comp\u00e9tence. Il s\u2019agit des commissions suivantes\u00a0: Commission de la fiscalit\u00e9 ; Commission Am\u00e9nagement et Certification ; Commission Transit et Logistique ; Commission Ressources Humaine. La D\u00e9l\u00e9gation G\u00e9n\u00e9rale assure sous la responsabilit\u00e9 du Pr\u00e9sident et du Vice-pr\u00e9sident, le la permanence de l\u2019organisation, la gestion administrative, et l\u2019ex\u00e9cution de toutes les actions concourant \u00e0 la satisfaction des objectifs du Groupement. Actions du GFBC : Son intervention vise \u00e9galement \u00e0 promouvoir une exploitation foresti\u00e8re compatible avec l\u2019am\u00e9nagement de la for\u00eat, la gestion durable de la ressource, l\u2019industrialisation durable de la fili\u00e8re bois et le d\u00e9veloppement rural. Enfin, nos adh\u00e9rents participent de mani\u00e8re importante \u00e0 la dynamique des secteurs d\u2019activit\u00e9s connexes.","og_url":"https:\/\/gfbcam.com\/?page_id=30","og_site_name":"Groupement de la Fili\u00e8re Bois au Cameroun | GFBC","article_modified_time":"2024-05-30T13:13:26+00:00","twitter_card":"summary_large_image","twitter_misc":{"Dur\u00e9e de lecture estim\u00e9e":"2 minutes"},"schema":{"@context":"https:\/\/schema.org","@graph":[{"@type":"WebPage","@id":"https:\/\/gfbcam.com\/?page_id=30","url":"https:\/\/gfbcam.com\/?page_id=30","name":"Le GFBC - Groupement de la Fili\u00e8re Bois au Cameroun | GFBC","isPartOf":{"@id":"https:\/\/gfbcam.com\/#website"},"datePublished":"2022-04-11T11:41:05+00:00","dateModified":"2024-05-30T13:13:26+00:00","breadcrumb":{"@id":"https:\/\/gfbcam.com\/?page_id=30#breadcrumb"},"inLanguage":"fr-FR","potentialAction":[{"@type":"ReadAction","target":["https:\/\/gfbcam.com\/?page_id=30"]}]},{"@type":"BreadcrumbList","@id":"https:\/\/gfbcam.com\/?page_id=30#breadcrumb","itemListElement":[{"@type":"ListItem","position":1,"name":"Accueil","item":"https:\/\/gfbcam.com\/"},{"@type":"ListItem","position":2,"name":"Le GFBC"}]},{"@type":"WebSite","@id":"https:\/\/gfbcam.com\/#website","url":"https:\/\/gfbcam.com\/","name":"Groupement de la Fili\u00e8re Bois au Cameroun | GFBC","description":"Organisation patronale sectorielle des exploitants forestiers du Cameroun","publisher":{"@id":"https:\/\/gfbcam.com\/#organization"},"potentialAction":[{"@type":"SearchAction","target":{"@type":"EntryPoint","urlTemplate":"https:\/\/gfbcam.com\/?s={search_term_string}"},"query-input":{"@type":"PropertyValueSpecification","valueRequired":true,"valueName":"search_term_string"}}],"inLanguage":"fr-FR"},{"@type":"Organization","@id":"https:\/\/gfbcam.com\/#organization","name":"Groupement de la Fili\u00e8re Bois au Cameroun | GFBC","url":"https:\/\/gfbcam.com\/","logo":{"@type":"ImageObject","inLanguage":"fr-FR","@id":"https:\/\/gfbcam.com\/#\/schema\/logo\/image\/","url":"https:\/\/gfbcam.com\/wp-content\/uploads\/2024\/05\/cropped-logo_GFBC.png","contentUrl":"https:\/\/gfbcam.com\/wp-content\/uploads\/2024\/05\/cropped-logo_GFBC.png","width":200,"height":104,"caption":"Groupement de la Fili\u00e8re Bois au Cameroun | GFBC"},"image":{"@id":"https:\/\/gfbcam.com\/#\/schema\/logo\/image\/"}}]}},"_links":{"self":[{"href":"https:\/\/gfbcam.com\/index.php?rest_route=\/wp\/v2\/pages\/30","targetHints":{"allow":["GET"]}}],"collection":[{"href":"https:\/\/gfbcam.com\/index.php?rest_route=\/wp\/v2\/pages"}],"about":[{"href":"https:\/\/gfbcam.com\/index.php?rest_route=\/wp\/v2\/types\/page"}],"author":[{"embeddable":true,"href":"https:\/\/gfbcam.com\/index.php?rest_route=\/wp\/v2\/users\/1"}],"replies":[{"embeddable":true,"href":"https:\/\/gfbcam.com\/index.php?rest_route=%2Fwp%2Fv2%2Fcomments&post=30"}],"version-history":[{"count":0,"href":"https:\/\/gfbcam.com\/index.php?rest_route=\/wp\/v2\/pages\/30\/revisions"}],"wp:attachment":[{"href":"https:\/\/gfbcam.com\/index.php?rest_route=%2Fwp%2Fv2%2Fmedia&parent=30"}],"curies":[{"name":"wp","href":"https:\/\/api.w.org\/{rel}","templated":true}]}}